
False
Let d be 4/(-6) + 0 - 44/(-12). Is (-3*7/63)/(d/(-26289)) composite?
True
Suppose -3*a + 4*s + 42753 = 0, 704 = -a + s + 14953. Is a composite?
False
Let h be 0 + (12151 - (-1 - -4)). Suppose 180*p = 178*p + h. Is p composite?
True
Suppose -2*q + 5950 = 5*i - 5299, -q = 3*i - 6749. Suppose -6*z - 6767 = -i. Let f = z + 1294. Is f a composite number?
False
Let a(s) = s**3 + 6*s**2 - 7*s + 3. Let i be a(-7). Suppose 0 = i*x - 4*m - 14, 4*m + 10 = -2*x + 3*x. Is (x - 1)*307 + -2 a composite number?
True
Suppose -38*m + 29263587 + 278436 = -11*m. Is m prime?
False
Let l be 0/(-2)*(1 + 0). Suppose l = 7*u - 2349 + 508. Is u composite?
False
Let v be 6/21 + 264/(-42). Let y(b) = 53*b**2 + 2*b - 7. Is y(v) prime?
True
Let x(c) = -c**2 - 28*c - 77. Let h be x(-33). Let t be 1/2 + 2715/6. Let i = t + h. Is i a prime number?
True
Let h(j) = -601*j - 72. Let f = -28 - -23. Is h(f) a prime number?
False
Let b(c) = 4038*c**2 + 51*c + 674. Is b(-11) a composite number?
False
Suppose 28772540 = 94*p - 1648022. Is p a prime number?
True
Suppose 8081728 = 14*u + 50*u. Is u prime?
False
Let t = 589071 + -306710. Is t a prime number?
False
Is -5 + -2*(-3)/(12/388868) a composite number?
True
Suppose 0 = -9*l - 10*l. Suppose l = 20*d - 90504 - 88556. Is d a prime number?
False
Is -10 - ((-54)/9 + -29905) a composite number?
True
Suppose -68*h + 54*h - 178129 + 3010791 = 0. Is h a composite number?
True
Let j(c) = -61*c + 21. Let b = 37 + -77. Let k = -45 - b. Is j(k) composite?
True
Let b = -281 - -536. Let q be b*(-4 - (-177)/15). Let x = -934 + q. Is x prime?
False
Suppose -6 = 3*g - 5*o + o, 0 = -g + o - 3. Let l be ((-21)/g - 1) + 3/(-2). Is -11014*2/(-4)*l prime?
True
Let z = 53658 - 20411. Is z composite?
False
Let w(p) = 3620*p**2 - 56*p - 125. Is w(-5) a prime number?
False
Is 1*405912/144*6 a composite number?
True
Suppose 352*p - 542078 = 90*p. Is p a prime number?
True
Let t(o) = o**3 - 2*o**2 + 2*o + 36. Let f be t(7). Let u = 2310 + f. Is u a prime number?
False
Suppose -3*w + 4*d - 2002 - 1474 = 0, 2*d = 2*w + 2316. Let l(a) = -307*a - 477. Let j be l(6). Let t = w - j. Is t a prime number?
True
Suppose 0 = -3*a - 2*k + 106, 0 = 4*a - 0*a + 2*k - 138. Is (58384/a)/(2/4) a prime number?
False
Let c be 12/((-45)/(-6) - 6). Let a(s) = 6*s**3 + 9*s**2 - 10*s + 33. Is a(c) prime?
False
Is ((-713)/46)/(4/(-26392)) a composite number?
True
Let b be (-18)/9*98/4*-2. Let m be 14/b - (-83)/7. Suppose 0 = a - 3*w - 1549, 0 = 5*w + 2 - m. Is a a composite number?
True
Let g be (-6605)/(-25) + 2/(-10). Let d = g + -80. Suppose y - d - 661 = -3*q, 5*y = 5*q + 4185. Is y a prime number?
True
Suppose -2 = -4*g + 14. Suppose 7*t - g*t = -4041. Is t/((2/3)/((-32)/48)) a composite number?
True
Suppose 174768 = 2*k - 2*n - 245136, -k - 4*n = -209977. Is k composite?
True
Let o be ((-2)/6)/(12/(-324)). Suppose 3*w = 27 + o. Is 3/(w/1096) + 1*-3 a prime number?
True
Let o(b) = 66572*b**3 - 43*b**2 + 97*b + 23. Is o(3) composite?
False
Suppose 16*q = 40*q - 3973992. Is q prime?
False
Suppose -14*l = -10*l + 46728. Let n = -5581 - l. Is n a composite number?
False
Let w(s) = -2997*s - 1090. Is w(-11) a composite number?
True
Suppose -4*b - 22 = -3*g, 4*g - b = -2*b + 23. Let c = g - -200. Let x = c - 72. Is x composite?
True
Let g be ((-9)/6)/(2/4). Let h be 864 - -1 - g/(-6)*-2. Let p = 1543 - h. Is p a composite number?
False
Suppose 22*c = 11*c + 869748. Suppose 19957 = -13*w + c. Is w a prime number?
True
Suppose 0 = 4*x - 0*x + 284. Let w be 2/21 + (-99072)/378. Let p = x - w. Is p composite?
False
Let w = -152 - -521. Let p be 526 - (2 + 3 + -4). Suppose w + p = 6*h. Is h a composite number?
False
Let n(b) = 17*b**2 - 117*b - 2293. Is n(-67) prime?
False
Suppose 8 + 14 = -a. Let t = a + 20. Is (-50610)/156*t - (-2)/13 composite?
True
Suppose 13*a - 457 = -2199. Let k = -154 - a. Is (-463)/(1 - (-24)/k) a composite number?
True
Suppose 22*a + 989047 - 3283845 = 0. Is a a composite number?
False
Let w(c) = 5*c**3 + 3 + 0 + 7*c**3 - 14*c**2 - 4*c. Let m be w(6). Let s = 562 + m. Is s composite?
True
Let d be (1 + 1 - 4)*(-12)/8. Suppose 4*f = -0*f + 8, d*y = -3*f + 18. Suppose -20245 = -5*c + m - y*m, -20245 = -5*c - 4*m. Is c a composite number?
False
Let t be 1 - -28*(-426)/4. Let h = -3347 + 2673. Let s = h - t. Is s composite?
True
Let d(k) = 2016*k**2 - 241*k - 1194. Is d(-5) prime?
True
Let k(f) = -f**3 - 9*f**2 - 15*f - 49. Let o be k(-8). Is o*948 - (1 - 2) composite?
False
Suppose -25 = 3*q + 2*q. Let r = q + 2. Let h(p) = -224*p + 7. Is h(r) a composite number?
True
Suppose -11*t + 7720394 = -3*t + 14*t. Is t a prime number?
False
Let x be 19/1 - (2 + -4). Is (-82)/5*(-5)/6*x composite?
True
Suppose d + 2*a - 2 = 0, 4*d - 2*a = -a - 10. Let i be d*(-9)/(-12) + (-6)/4. Is 1/(744/(-249) - i) prime?
True
Let q = 73 + -95. Is (-13578)/q + 12/(-66) + -3 a composite number?
True
Let c = 249 + 618. Suppose 175 = -d + 2*a + 1018, d = -4*a + c. Is d a composite number?
True
Suppose 2*z + 2*k = 190924, 5*z + 2*k - 477302 = -k. Let i = z + -54127. Is i/115 - (-2)/(-5) composite?
False
Let y(q) = 3129*q**2 + 7*q - 8. Let r be y(1). Let b = 6190 - r. Is b a prime number?
False
Suppose 0 = -42*j + 27*j - 513698 + 3528263. Is j prime?
True
Suppose -x - 3*c - 931 = -2*x, 4*x - 3717 = 5*c. Suppose -2*o + 2310 = -2*j + x, 0 = 2*o - 5*j - 1382. Is o a prime number?
True
Suppose 37*b = 61*b - 216168. Is b a composite number?
False
Let r(t) = 6276*t**2 - 89*t + 675. Is r(8) prime?
True
Let l(k) = -4878*k - 437. Is l(-12) a composite number?
False
Is 156/546*(-11130322)/(-4) composite?
False
Let j(k) = -k**2 - 16*k - 58. Let u be j(-9). Suppose -3*f + 143 = x - 213, u*x + 243 = 2*f. Is f a composite number?
True
Let x be ((-28)/56)/((-1)/(-4)). Let u be 2/x*(-5 + 6) - -3. Let y(a) = 14*a**2 - 2*a + 7. Is y(u) a composite number?
False
Let c = -10 + 19. Suppose -7*o = -4*o - c. Let t(v) = 100*v - 1. Is t(o) composite?
True
Suppose 90 = -68*x + 86*x. Suppose 22910 = 2*g - p, x*p + 38903 = 2*g + 15977. Is g a composite number?
True
Is 90794 - (13 + -12)*(5 + (-4)/2) composite?
True
Suppose -a + 11*a - 510 = 0. Let q be 1/(-4) - a/(-12). Suppose -115 = -q*y - 4*o + 189, 2*y = 3*o + 157. Is y prime?
False
Let t(x) = -9*x + 9*x + 7*x + 5*x**2 + 2*x**3 + 4. Let g be t(-7). Let j = g + 779. Is j a composite number?
False
Suppose -82 = -3*d + 818. Suppose d = -f + 1933. Is f a prime number?
False
Suppose 5*w + 5 = 0, -4*w = -2*s + w + 7. Is 1/(4/21748) - (s - -1) prime?
False
Suppose -141*w = -96*w - 10277325. Is w composite?
True
Let a(x) = 53*x**2 + 16*x + 38. Let i be a(-18). Suppose -q + i = q. Is q a composite number?
False
Let u(r) = -4*r**3 - 2*r**2 + 2*r + 3. Suppose 0 = -3*i - p + 149, -4*p = 3*i - 17 - 147. Let d = -51 + i. Is u(d) a composite number?
True
Let q = -143 + 135. Let x(p) = 5*p**3 + 10*p**2 + 9*p + 12. Let f be x(q). Let w = -91 - f. Is w prime?
True
Let g(z) = 7*z**3 - z**2 + 2*z - 1. Let o be g(1). Let n(r) = r + 18. Let a be n(-8). Suppose o*l + 402 = a*l. Is l prime?
False
Let u be -3*(-3 - 56/(-12)) - -4730. Let j = 11606 - u. Is j prime?
False
Let v(u) = 17375*u**2 + 161*u - 159. Is v(1) composite?
False
Let q(k) = 142*k + 1. Suppose -3*u = -2*u + 4*u. Suppose u = 7*o - 11*o + 12. Is q(o) prime?
False
Let t(p) = 42804*p - 681. Is t(6) a composite number?
True
Suppose -q = s - 362569, 179*s - 362565 = -q + 180*s. Is q a prime number?
False
Suppose 105 + 336 = 4*i - 5*n, -5*i = -4*n - 540. Let r(h) = 159*h - 822. Let b be r(7). Let s = b + i. Is s composite?
True
Suppose 3*p - 4615 = -2*p. Let h = 3630 - p. Is h a prime number?
True
Suppose 2784 = 11*j - 43*j. Let w = 202 + j. Is w composite?
True
Let j be -5 + (-21)/(-4) - 14/(-8). Suppose 5*w - 3*d = d + 23, 0 = 3*w + j*d - 5. Is ((-1895)/w)/(-3*1/9) composite?
True
Let c(m) = -28 + 19 - 23*m - 30 + 30*m. Let r be 4/(-22) - 422/(-22). Is c(r) composite?
True
Let r = -161 - -146. Is ((-18366)/r)/((-12)/(-30)) a composite number?
False
Let r = 44 + -19. Let s = 58 + r. Suppose 13*p - s = 4168. Is p a composite number?
True
Let p(a) = -27509*a - 39. Is p(-2) a prime number?
True
Let u = -21 + 23. Suppose 5*d + y = -9 + 23, -u = -d - y. Suppose 316 = i + d*i. Is i prime?
True
Let b = -942 - 2221. Is b/(1